{"id":2,"date":"2025-08-22T02:44:06","date_gmt":"2025-08-22T02:44:06","guid":{"rendered":"https:\/\/bailly.press\/?page_id=2"},"modified":"2026-04-15T23:31:48","modified_gmt":"2026-04-16T03:31:48","slug":"sample-page","status":"publish","type":"page","link":"https:\/\/bailly.press\/?page_id=2","title":{"rendered":"M\u00e9dias"},"content":{"rendered":"\r\n<p style=\"text-align: left;\"><strong><span style=\"color: #000000;\">Relations M\u00e9dias<\/span><\/strong><\/p>\r\n<p><span style=\"color: #000000;\">\r\n\r\n<\/span><\/p>\r\n<blockquote class=\"wp-block-quote is-layout-flow wp-block-quote-is-layout-flow\">\r\n<p><span style=\"color: #000000;\">Se krey\u00f2l nou ye!<\/span><\/p>\r\n<\/blockquote>\r\n<p><span style=\"color: #000000;\">\r\n\r\n<\/span><\/p>\r\n<p style=\"text-align: left;\"><span style=\"color: #000000;\">Ha\u00efti Debout:<\/span><\/p>\r\n<p><span style=\"color: #000000;\">\r\n\r\n<\/span><\/p>\r\n<blockquote class=\"wp-block-quote is-layout-flow wp-block-quote-is-layout-flow\">\r\n<p><span style=\"color: #000000;\">Ouvert sur le monde global.<\/span><\/p>\r\n<\/blockquote>\r\n<p><span style=\"color: #000000;\">\r\n\r\n<\/span><\/p>\r\n<p style=\"text-align: left;\"><span style=\"color: #000000;\">An n bay t\u00e8t nou mwayen pou nou ka rive!<\/span><\/p>\r\n<div id=\"attachment_195\" style=\"width: 335px\" class=\"wp-caption aligncenter\"><img loading=\"lazy\" decoding=\"async\" aria-describedby=\"caption-attachment-195\" class=\"wp-image-195 size-full\" src=\"https:\/\/bailly.press\/wp-content\/uploads\/2025\/08\/jpbailly-bailly-media.jpg\" alt=\"\" width=\"325\" height=\"325\" srcset=\"https:\/\/bailly.press\/wp-content\/uploads\/2025\/08\/jpbailly-bailly-media.jpg 325w, https:\/\/bailly.press\/wp-content\/uploads\/2025\/08\/jpbailly-bailly-media-300x300.jpg 300w, https:\/\/bailly.press\/wp-content\/uploads\/2025\/08\/jpbailly-bailly-media-150x150.jpg 150w\" sizes=\"auto, (max-width: 325px) 100vw, 325px\" \/><p id=\"caption-attachment-195\" class=\"wp-caption-text\">M\u00e9dia<\/p><\/div>\r\n<p><strong>Facebook.com<\/strong><\/p>\r\n<p><a href=\"https:\/\/www.facebook.com\/share\/1GUEyCet6n\/\">https:\/\/www.facebook.com\/share\/1GUEyCet6n\/<\/a><\/p>\r\n<p><a href=\"https:\/\/www.facebook.com\/baillyjeanpierre\">https:\/\/www.facebook.com\/baillyjeanpierre<\/a><\/p>\r\n<p>&nbsp;<\/p>\r\n","protected":false},"excerpt":{"rendered":"<p>Relations M\u00e9dias Se krey\u00f2l nou ye! Ha\u00efti Debout: Ouvert sur le monde global. An n bay t\u00e8t nou mwayen pou nou ka rive! Facebook.com https:\/\/www.facebook.com\/share\/1GUEyCet6n\/ https:\/\/www.facebook.com\/baillyjeanpierre &nbsp;<\/p>\n","protected":false},"author":1,"featured_media":194,"parent":0,"menu_order":0,"comment_status":"closed","ping_status":"open","template":"","meta":{"footnotes":""},"class_list":["post-2","page","type-page","status-publish","has-post-thumbnail","hentry"],"_links":{"self":[{"href":"https:\/\/bailly.press\/index.php?rest_route=\/wp\/v2\/pages\/2","targetHints":{"allow":["GET"]}}],"collection":[{"href":"https:\/\/bailly.press\/index.php?rest_route=\/wp\/v2\/pages"}],"about":[{"href":"https:\/\/bailly.press\/index.php?rest_route=\/wp\/v2\/types\/page"}],"author":[{"embeddable":true,"href":"https:\/\/bailly.press\/index.php?rest_route=\/wp\/v2\/users\/1"}],"replies":[{"embeddable":true,"href":"https:\/\/bailly.press\/index.php?rest_route=%2Fwp%2Fv2%2Fcomments&post=2"}],"version-history":[{"count":14,"href":"https:\/\/bailly.press\/index.php?rest_route=\/wp\/v2\/pages\/2\/revisions"}],"predecessor-version":[{"id":264,"href":"https:\/\/bailly.press\/index.php?rest_route=\/wp\/v2\/pages\/2\/revisions\/264"}],"wp:featuredmedia":[{"embeddable":true,"href":"https:\/\/bailly.press\/index.php?rest_route=\/wp\/v2\/media\/194"}],"wp:attachment":[{"href":"https:\/\/bailly.press\/index.php?rest_route=%2Fwp%2Fv2%2Fmedia&parent=2"}],"curies":[{"name":"wp","href":"https:\/\/api.w.org\/{rel}","templated":true}]}}