{"id":218,"date":"2025-09-01T01:05:39","date_gmt":"2025-09-01T05:05:39","guid":{"rendered":"https:\/\/bailly.press\/?page_id=218"},"modified":"2026-04-15T22:23:04","modified_gmt":"2026-04-16T02:23:04","slug":"bailly","status":"publish","type":"page","link":"https:\/\/bailly.press\/?page_id=218","title":{"rendered":"Bailly"},"content":{"rendered":"<p><strong><span style=\"color: #000000;\">Bailly &amp; Bailly<\/span><\/strong><\/p>\n<div id=\"attachment_181\" style=\"width: 310px\" class=\"wp-caption aligncenter\"><img loading=\"lazy\" decoding=\"async\" aria-describedby=\"caption-attachment-181\" class=\"wp-image-181 size-medium\" src=\"https:\/\/bailly.press\/wp-content\/uploads\/2025\/08\/jp-bailly-bailly-300x300.jpg\" alt=\"\" width=\"300\" height=\"300\" srcset=\"https:\/\/bailly.press\/wp-content\/uploads\/2025\/08\/jp-bailly-bailly-300x300.jpg 300w, https:\/\/bailly.press\/wp-content\/uploads\/2025\/08\/jp-bailly-bailly-150x150.jpg 150w, https:\/\/bailly.press\/wp-content\/uploads\/2025\/08\/jp-bailly-bailly.jpg 325w\" sizes=\"auto, (max-width: 300px) 100vw, 300px\" \/><p id=\"caption-attachment-181\" class=\"wp-caption-text\">J-P Bailly Bailly<\/p><\/div>\n<p><span style=\"color: #000000;\">J-P Bailly Bailly est le personnage pragmatique issu d&rsquo;une formation d&rsquo;ing\u00e9nierie et de calculs.<\/span><\/p>\n<div id=\"attachment_189\" style=\"width: 310px\" class=\"wp-caption aligncenter\"><img loading=\"lazy\" decoding=\"async\" aria-describedby=\"caption-attachment-189\" class=\"wp-image-189 size-medium\" src=\"https:\/\/bailly.press\/wp-content\/uploads\/2025\/08\/jpbailly-bailly-caballero-300x300.jpg\" alt=\"\" width=\"300\" height=\"300\" srcset=\"https:\/\/bailly.press\/wp-content\/uploads\/2025\/08\/jpbailly-bailly-caballero-300x300.jpg 300w, https:\/\/bailly.press\/wp-content\/uploads\/2025\/08\/jpbailly-bailly-caballero-150x150.jpg 150w, https:\/\/bailly.press\/wp-content\/uploads\/2025\/08\/jpbailly-bailly-caballero.jpg 325w\" sizes=\"auto, (max-width: 300px) 100vw, 300px\" \/><p id=\"caption-attachment-189\" class=\"wp-caption-text\">Bailly Caballero<\/p><\/div>\n<p><span style=\"color: #000000;\">Bailly Caballero porte son nom \u00e0 titre de gentilhomme aimant le soleil.<\/span><\/p>\n<div id=\"attachment_183\" style=\"width: 310px\" class=\"wp-caption aligncenter\"><img loading=\"lazy\" decoding=\"async\" aria-describedby=\"caption-attachment-183\" class=\"wp-image-183 size-medium\" src=\"https:\/\/bailly.press\/wp-content\/uploads\/2025\/08\/jp-bailly-cinema-300x300.jpg\" alt=\"\" width=\"300\" height=\"300\" srcset=\"https:\/\/bailly.press\/wp-content\/uploads\/2025\/08\/jp-bailly-cinema-300x300.jpg 300w, https:\/\/bailly.press\/wp-content\/uploads\/2025\/08\/jp-bailly-cinema-150x150.jpg 150w, https:\/\/bailly.press\/wp-content\/uploads\/2025\/08\/jp-bailly-cinema.jpg 325w\" sizes=\"auto, (max-width: 300px) 100vw, 300px\" \/><p id=\"caption-attachment-183\" class=\"wp-caption-text\">JP Bailly Cin\u00e9ma<\/p><\/div>\n<p><span style=\"color: #000000;\">JP Bailly Cin\u00e9ma est le personnage de la fiction, du plateau, de la cam\u00e9ra.<\/span><\/p>\n<div id=\"attachment_177\" style=\"width: 310px\" class=\"wp-caption aligncenter\"><img loading=\"lazy\" decoding=\"async\" aria-describedby=\"caption-attachment-177\" class=\"wp-image-177 size-medium\" src=\"https:\/\/bailly.press\/wp-content\/uploads\/2025\/08\/jp-bailly-bailly-ayiti-300x300.jpg\" alt=\"\" width=\"300\" height=\"300\" srcset=\"https:\/\/bailly.press\/wp-content\/uploads\/2025\/08\/jp-bailly-bailly-ayiti-300x300.jpg 300w, https:\/\/bailly.press\/wp-content\/uploads\/2025\/08\/jp-bailly-bailly-ayiti-150x150.jpg 150w, https:\/\/bailly.press\/wp-content\/uploads\/2025\/08\/jp-bailly-bailly-ayiti.jpg 325w\" sizes=\"auto, (max-width: 300px) 100vw, 300px\" \/><p id=\"caption-attachment-177\" class=\"wp-caption-text\">JP Bailly Ayiti<\/p><\/div>\n<p><span style=\"color: #000000;\">JP Bailly Ayiti est issu de la trempe des guerriers sans peur, qui ont fait d&rsquo;Ha\u00efti, une terre connue.<\/span><\/p>\n<div id=\"attachment_185\" style=\"width: 310px\" class=\"wp-caption aligncenter\"><img loading=\"lazy\" decoding=\"async\" aria-describedby=\"caption-attachment-185\" class=\"wp-image-185 size-medium\" src=\"https:\/\/bailly.press\/wp-content\/uploads\/2025\/08\/jp-bailly-defenseur-300x300.jpg\" alt=\"\" width=\"300\" height=\"300\" srcset=\"https:\/\/bailly.press\/wp-content\/uploads\/2025\/08\/jp-bailly-defenseur-300x300.jpg 300w, https:\/\/bailly.press\/wp-content\/uploads\/2025\/08\/jp-bailly-defenseur-150x150.jpg 150w, https:\/\/bailly.press\/wp-content\/uploads\/2025\/08\/jp-bailly-defenseur.jpg 325w\" sizes=\"auto, (max-width: 300px) 100vw, 300px\" \/><p id=\"caption-attachment-185\" class=\"wp-caption-text\">JP Bailly D\u00e9fenseur<\/p><\/div>\n<p><span style=\"color: #000000;\">JP Bailly D\u00e9fenseur est le personnage connu et ami de tous, pr\u00eat \u00e0 partir contre vents et mar\u00e9es.<\/span><\/p>\n<div id=\"attachment_175\" style=\"width: 310px\" class=\"wp-caption aligncenter\"><img loading=\"lazy\" decoding=\"async\" aria-describedby=\"caption-attachment-175\" class=\"wp-image-175 size-medium\" src=\"https:\/\/bailly.press\/wp-content\/uploads\/2025\/08\/j-p-bailly-bailly-avatar-300x300.jpg\" alt=\"\" width=\"300\" height=\"300\" srcset=\"https:\/\/bailly.press\/wp-content\/uploads\/2025\/08\/j-p-bailly-bailly-avatar-300x300.jpg 300w, https:\/\/bailly.press\/wp-content\/uploads\/2025\/08\/j-p-bailly-bailly-avatar-150x150.jpg 150w, https:\/\/bailly.press\/wp-content\/uploads\/2025\/08\/j-p-bailly-bailly-avatar.jpg 325w\" sizes=\"auto, (max-width: 300px) 100vw, 300px\" \/><p id=\"caption-attachment-175\" class=\"wp-caption-text\">JP Bailly &amp; Bailly Avatar<\/p><\/div>\n<p><span style=\"color: #000000;\">JP Bailly &amp; Bailly Avatar est le personnage qui renferme trois autres de tous les personnages, simultan\u00e9ment.<\/span><\/p>\n<div id=\"attachment_179\" style=\"width: 310px\" class=\"wp-caption aligncenter\"><img loading=\"lazy\" decoding=\"async\" aria-describedby=\"caption-attachment-179\" class=\"wp-image-179 size-medium\" src=\"https:\/\/bailly.press\/wp-content\/uploads\/2025\/08\/jp-bailly-bailly-industriel-300x300.jpg\" alt=\"\" width=\"300\" height=\"300\" srcset=\"https:\/\/bailly.press\/wp-content\/uploads\/2025\/08\/jp-bailly-bailly-industriel-300x300.jpg 300w, https:\/\/bailly.press\/wp-content\/uploads\/2025\/08\/jp-bailly-bailly-industriel-150x150.jpg 150w, https:\/\/bailly.press\/wp-content\/uploads\/2025\/08\/jp-bailly-bailly-industriel.jpg 325w\" sizes=\"auto, (max-width: 300px) 100vw, 300px\" \/><p id=\"caption-attachment-179\" class=\"wp-caption-text\">JP Bailly Industriel<\/p><\/div>\n<p>JP Bailly Industriel est le personnage qui creuse pour forger dans le creuset du terroir, l&rsquo;industrie, la production de masse.<\/p>\n<div id=\"attachment_187\" style=\"width: 310px\" class=\"wp-caption aligncenter\"><img loading=\"lazy\" decoding=\"async\" aria-describedby=\"caption-attachment-187\" class=\"wp-image-187 size-medium\" src=\"https:\/\/bailly.press\/wp-content\/uploads\/2025\/08\/jp-bailly-magistrat-300x300.jpg\" alt=\"\" width=\"300\" height=\"300\" srcset=\"https:\/\/bailly.press\/wp-content\/uploads\/2025\/08\/jp-bailly-magistrat-300x300.jpg 300w, https:\/\/bailly.press\/wp-content\/uploads\/2025\/08\/jp-bailly-magistrat-150x150.jpg 150w, https:\/\/bailly.press\/wp-content\/uploads\/2025\/08\/jp-bailly-magistrat.jpg 325w\" sizes=\"auto, (max-width: 300px) 100vw, 300px\" \/><p id=\"caption-attachment-187\" class=\"wp-caption-text\">JP Bailly Magistrat<\/p><\/div>\n<p>JP Bailly Magistrat est personnage qui p\u00e9trit la p\u00e2te de la r\u00e9ussite avec le citoyen dans la cuisine de la cit\u00e9.<\/p>\n<div id=\"attachment_191\" style=\"width: 310px\" class=\"wp-caption aligncenter\"><img loading=\"lazy\" decoding=\"async\" aria-describedby=\"caption-attachment-191\" class=\"wp-image-191 size-medium\" src=\"https:\/\/bailly.press\/wp-content\/uploads\/2025\/08\/jpbailly-bailly-dogmatik-300x300.jpg\" alt=\"\" width=\"300\" height=\"300\" srcset=\"https:\/\/bailly.press\/wp-content\/uploads\/2025\/08\/jpbailly-bailly-dogmatik-300x300.jpg 300w, https:\/\/bailly.press\/wp-content\/uploads\/2025\/08\/jpbailly-bailly-dogmatik-150x150.jpg 150w, https:\/\/bailly.press\/wp-content\/uploads\/2025\/08\/jpbailly-bailly-dogmatik.jpg 325w\" sizes=\"auto, (max-width: 300px) 100vw, 300px\" \/><p id=\"caption-attachment-191\" class=\"wp-caption-text\">JP Bailly Dogmatic<\/p><\/div>\n<p>JP Bailly Dogmatic est le citoyen selon la constitution, qui s&rsquo;\u00e9rige en grand d\u00e9fenseur des droits et libert\u00e9s.<\/p>\n<div id=\"attachment_202\" style=\"width: 310px\" class=\"wp-caption aligncenter\"><img loading=\"lazy\" decoding=\"async\" aria-describedby=\"caption-attachment-202\" class=\"wp-image-202 size-medium\" src=\"https:\/\/bailly.press\/wp-content\/uploads\/2025\/08\/jpbailly-bailly-oligarque-300x300.jpg\" alt=\"\" width=\"300\" height=\"300\" srcset=\"https:\/\/bailly.press\/wp-content\/uploads\/2025\/08\/jpbailly-bailly-oligarque-300x300.jpg 300w, https:\/\/bailly.press\/wp-content\/uploads\/2025\/08\/jpbailly-bailly-oligarque-150x150.jpg 150w, https:\/\/bailly.press\/wp-content\/uploads\/2025\/08\/jpbailly-bailly-oligarque.jpg 325w\" sizes=\"auto, (max-width: 300px) 100vw, 300px\" \/><p id=\"caption-attachment-202\" class=\"wp-caption-text\">JP Bailly Oligarque<\/p><\/div>\n<p>JP Bailly Oligarque est le bon m\u00e9c\u00e8ne qui s&rsquo;inscrit dans la vie active du pays pour faire sortir le meilleur, de tous.<\/p>\n<div id=\"attachment_195\" style=\"width: 310px\" class=\"wp-caption aligncenter\"><img loading=\"lazy\" decoding=\"async\" aria-describedby=\"caption-attachment-195\" class=\"wp-image-195 size-medium\" src=\"https:\/\/bailly.press\/wp-content\/uploads\/2025\/08\/jpbailly-bailly-media-300x300.jpg\" alt=\"\" width=\"300\" height=\"300\" srcset=\"https:\/\/bailly.press\/wp-content\/uploads\/2025\/08\/jpbailly-bailly-media-300x300.jpg 300w, https:\/\/bailly.press\/wp-content\/uploads\/2025\/08\/jpbailly-bailly-media-150x150.jpg 150w, https:\/\/bailly.press\/wp-content\/uploads\/2025\/08\/jpbailly-bailly-media.jpg 325w\" sizes=\"auto, (max-width: 300px) 100vw, 300px\" \/><p id=\"caption-attachment-195\" class=\"wp-caption-text\">JP Bailly M\u00e9dia<\/p><\/div>\n<p>JP Bailly M\u00e9dia est le bon parleur qui utilise le micro pour les bonnes causes.<\/p>\n<p>.<\/p>\n","protected":false},"excerpt":{"rendered":"<p>Bailly &amp; Bailly J-P Bailly Bailly est le personnage pragmatique issu d&rsquo;une formation d&rsquo;ing\u00e9nierie et de calculs. Bailly Caballero porte son nom \u00e0 titre de gentilhomme aimant le soleil. JP Bailly Cin\u00e9ma est le personnage de la fiction, du plateau, de la cam\u00e9ra. JP Bailly Ayiti est issu de la trempe des guerriers sans peur, qui ont fait d&rsquo;Ha\u00efti, une terre connue. JP Bailly D\u00e9fenseur est le personnage connu et ami de tous, pr\u00eat \u00e0 partir contre vents et mar\u00e9es. JP Bailly &amp; Bailly Avatar est le personnage qui renferme&#8230; <\/p>\n","protected":false},"author":1,"featured_media":172,"parent":0,"menu_order":0,"comment_status":"closed","ping_status":"closed","template":"","meta":{"footnotes":""},"class_list":["post-218","page","type-page","status-publish","has-post-thumbnail","hentry"],"_links":{"self":[{"href":"https:\/\/bailly.press\/index.php?rest_route=\/wp\/v2\/pages\/218","targetHints":{"allow":["GET"]}}],"collection":[{"href":"https:\/\/bailly.press\/index.php?rest_route=\/wp\/v2\/pages"}],"about":[{"href":"https:\/\/bailly.press\/index.php?rest_route=\/wp\/v2\/types\/page"}],"author":[{"embeddable":true,"href":"https:\/\/bailly.press\/index.php?rest_route=\/wp\/v2\/users\/1"}],"replies":[{"embeddable":true,"href":"https:\/\/bailly.press\/index.php?rest_route=%2Fwp%2Fv2%2Fcomments&post=218"}],"version-history":[{"count":3,"href":"https:\/\/bailly.press\/index.php?rest_route=\/wp\/v2\/pages\/218\/revisions"}],"predecessor-version":[{"id":256,"href":"https:\/\/bailly.press\/index.php?rest_route=\/wp\/v2\/pages\/218\/revisions\/256"}],"wp:featuredmedia":[{"embeddable":true,"href":"https:\/\/bailly.press\/index.php?rest_route=\/wp\/v2\/media\/172"}],"wp:attachment":[{"href":"https:\/\/bailly.press\/index.php?rest_route=%2Fwp%2Fv2%2Fmedia&parent=218"}],"curies":[{"name":"wp","href":"https:\/\/api.w.org\/{rel}","templated":true}]}}